{"id":160,"date":"2026-03-02T18:31:42","date_gmt":"2026-03-02T17:31:42","guid":{"rendered":"https:\/\/www.barbharp.ch\/?page_id=160"},"modified":"2026-03-02T18:51:04","modified_gmt":"2026-03-02T17:51:04","slug":"consigli-per-iniziare","status":"publish","type":"page","link":"https:\/\/www.barbharp.ch\/?page_id=160","title":{"rendered":"Consigli per iniziare"},"content":{"rendered":"\t\t<div data-elementor-type=\"wp-page\" data-elementor-id=\"160\" class=\"elementor elementor-160\">\n\t\t\t\t<div class=\"elementor-element elementor-element-940b234 e-flex e-con-boxed e-con e-parent\" data-id=\"940b234\" data-element_type=\"container\" data-e-type=\"container\">\n\t\t\t\t\t<div class=\"e-con-inner\">\n\t\t\t\t<div class=\"elementor-element elementor-element-6b0424a elementor-widget elementor-widget-spacer\" data-id=\"6b0424a\" data-element_type=\"widget\" data-e-type=\"widget\" data-widget_type=\"spacer.default\">\n\t\t\t\t\t\t\t<div class=\"elementor-spacer\">\n\t\t\t<div class=\"elementor-spacer-inner\"><\/div>\n\t\t<\/div>\n\t\t\t\t\t\t<\/div>\n\t\t\t\t\t<\/div>\n\t\t\t\t<\/div>\n\t\t<div class=\"elementor-element elementor-element-796bfa6 e-flex e-con-boxed e-con e-parent\" data-id=\"796bfa6\" data-element_type=\"container\" data-e-type=\"container\">\n\t\t\t\t\t<div class=\"e-con-inner\">\n\t\t<div class=\"elementor-element elementor-element-5e99bde e-con-full e-flex e-con e-child\" data-id=\"5e99bde\" data-element_type=\"container\" data-e-type=\"container\">\n\t\t\t\t<div class=\"elementor-element elementor-element-2753c78 elementor-widget elementor-widget-heading\" data-id=\"2753c78\" data-element_type=\"widget\" data-e-type=\"widget\" data-widget_type=\"heading.default\">\n\t\t\t\t\t<h2 class=\"elementor-heading-title elementor-size-default\">Consigli per iniziare<\/h2>\t\t\t\t<\/div>\n\t\t\t\t<div class=\"elementor-element elementor-element-06c3c5e elementor-widget-divider--view-line elementor-widget elementor-widget-divider\" data-id=\"06c3c5e\" data-element_type=\"widget\" data-e-type=\"widget\" data-widget_type=\"divider.default\">\n\t\t\t\t\t\t\t<div class=\"elementor-divider\">\n\t\t\t<span class=\"elementor-divider-separator\">\n\t\t\t\t\t\t<\/span>\n\t\t<\/div>\n\t\t\t\t\t\t<\/div>\n\t\t\t\t<div class=\"elementor-element elementor-element-f23e592 elementor-widget elementor-widget-image\" data-id=\"f23e592\" data-element_type=\"widget\" data-e-type=\"widget\" data-widget_type=\"image.default\">\n\t\t\t\t\t\t\t\t\t\t\t\t\t\t\t<img fetchpriority=\"high\" decoding=\"async\" width=\"512\" height=\"512\" src=\"https:\/\/www.barbharp.ch\/wp-content\/uploads\/2026\/02\/cropped-image1-99x99.jpeg\" class=\"attachment-large size-large wp-image-132\" alt=\"\" srcset=\"https:\/\/www.barbharp.ch\/wp-content\/uploads\/2026\/02\/cropped-image1.jpeg 512w, https:\/\/www.barbharp.ch\/wp-content\/uploads\/2026\/02\/cropped-image1-300x300.jpeg 300w, https:\/\/www.barbharp.ch\/wp-content\/uploads\/2026\/02\/cropped-image1-150x150.jpeg 150w, https:\/\/www.barbharp.ch\/wp-content\/uploads\/2026\/02\/cropped-image1-99x99.jpeg 99w\" sizes=\"(max-width: 512px) 100vw, 512px\" \/>\t\t\t\t\t\t\t\t\t\t\t\t\t\t\t<\/div>\n\t\t\t\t<\/div>\n\t\t<div class=\"elementor-element elementor-element-76fd8ed e-con-full e-flex e-con e-child\" data-id=\"76fd8ed\" data-element_type=\"container\" data-e-type=\"container\">\n\t\t\t\t<div class=\"elementor-element elementor-element-810ce9a elementor-widget elementor-widget-text-editor\" data-id=\"810ce9a\" data-element_type=\"widget\" data-e-type=\"widget\" data-widget_type=\"text-editor.default\">\n\t\t\t\t\t\t\t\t\t<div data-olk-copy-source=\"MessageBody\">Questo sito \u00e8 dedicato all\u2019armonica DIATONICA e ai suoi appassionati in TICINO, se ti piace e vuoi imparare, questo sito fa per te!\u00a0<\/div><div>\u00a0<\/div><div><p>L\u2019armonica diatonica a 10 fori \u00e8 uno strumento a fiato tra I pi\u00f9 facili da far suonare ma tra I pi\u00f9 complessi da controllare. Il grosso vantaggio \u00e8 che lo strumento ha una sua TONALIT\u00c0, basta cambiare strumento per cambiare tonalit\u00e0 (ma non solo\u2026).<\/p><p>Ci sono 12 tonalit\u00e0 di base, quante sono le note della scala cromatica, pi\u00f9 delle tonalit\u00e0 LOW (1 ottava pi\u00f9 bassa di quelle base).<\/p><p>Nel mondo dell\u2019armonica si usa la scala anglosassone che parte dal SOL (tonalit\u00e0 pi\u00f9 grave) e arriva al FA diesis, usando le lettere alfabetiche F-A-B-C-D-E-F-G (sol, la, si, do, re, ma, fa).<\/p><p>Per INIZIARE \u00e8 consigliabile acquistare una ARMONICA DIATONICA in C (do) di buona fattura (consigliata per qualit\u00e0\/prezzo la Honer Special20 C).<\/p><p>Considerando che ogni casa rinnomata (Seydel, Honer, LeeOscar, Suzuki,\u2026) produce diverse serie di armoniche, non tutte della stessa qualit\u00e0, \u00e8 bene basarsi su modelli gi\u00e0 affermati nel tempo. NON sprecate soldi in prodotti economici e sconosciuti. Un buon entry-level costa dai 30.- ai 50.-.<\/p><\/div><div>\u00a0<\/div><div>Ci sono molte armoniche sul mercato, per iniziare procurati (vedi il nostro shop on-line) un\u2019armonica diatonica in tonalit\u00e0 di DO (C)<\/div>\t\t\t\t\t\t\t\t<\/div>\n\t\t\t\t<\/div>\n\t\t\t\t\t<\/div>\n\t\t\t\t<\/div>\n\t\t<div class=\"elementor-element elementor-element-8f63268 e-flex e-con-boxed e-con e-parent\" data-id=\"8f63268\" data-element_type=\"container\" data-e-type=\"container\">\n\t\t\t\t\t<div class=\"e-con-inner\">\n\t\t\t\t<div class=\"elementor-element elementor-element-fe5cc9a elementor-widget elementor-widget-spacer\" data-id=\"fe5cc9a\" data-element_type=\"widget\" data-e-type=\"widget\" data-widget_type=\"spacer.default\">\n\t\t\t\t\t\t\t<div class=\"elementor-spacer\">\n\t\t\t<div class=\"elementor-spacer-inner\"><\/div>\n\t\t<\/div>\n\t\t\t\t\t\t<\/div>\n\t\t\t\t\t<\/div>\n\t\t\t\t<\/div>\n\t\t<div class=\"elementor-element elementor-element-86ad1a6 e-flex e-con-boxed e-con e-parent\" data-id=\"86ad1a6\" data-element_type=\"container\" data-e-type=\"container\">\n\t\t\t\t\t<div class=\"e-con-inner\">\n\t\t\t\t<div class=\"elementor-element elementor-element-fe7abcd elementor-widget elementor-widget-image\" data-id=\"fe7abcd\" data-element_type=\"widget\" data-e-type=\"widget\" data-widget_type=\"image.default\">\n\t\t\t\t\t\t\t\t\t\t\t\t\t\t\t<img decoding=\"async\" width=\"768\" height=\"440\" src=\"https:\/\/www.barbharp.ch\/wp-content\/uploads\/2026\/03\/d7af6d66-c22f-410d-bef5-3596a296bd71-768x440.png\" class=\"attachment-medium_large size-medium_large wp-image-154\" alt=\"\" srcset=\"https:\/\/www.barbharp.ch\/wp-content\/uploads\/2026\/03\/d7af6d66-c22f-410d-bef5-3596a296bd71-768x440.png 768w, https:\/\/www.barbharp.ch\/wp-content\/uploads\/2026\/03\/d7af6d66-c22f-410d-bef5-3596a296bd71-300x172.png 300w, https:\/\/www.barbharp.ch\/wp-content\/uploads\/2026\/03\/d7af6d66-c22f-410d-bef5-3596a296bd71-1024x587.png 1024w, https:\/\/www.barbharp.ch\/wp-content\/uploads\/2026\/03\/d7af6d66-c22f-410d-bef5-3596a296bd71-1536x880.png 1536w, https:\/\/www.barbharp.ch\/wp-content\/uploads\/2026\/03\/d7af6d66-c22f-410d-bef5-3596a296bd71.png 1658w\" sizes=\"(max-width: 768px) 100vw, 768px\" \/>\t\t\t\t\t\t\t\t\t\t\t\t\t\t\t<\/div>\n\t\t\t\t\t<\/div>\n\t\t\t\t<\/div>\n\t\t<div class=\"elementor-element elementor-element-3b28cf1 e-flex e-con-boxed e-con e-parent\" data-id=\"3b28cf1\" data-element_type=\"container\" data-e-type=\"container\">\n\t\t\t\t\t<div class=\"e-con-inner\">\n\t\t\t\t<div class=\"elementor-element elementor-element-840b345 elementor-widget elementor-widget-spacer\" data-id=\"840b345\" data-element_type=\"widget\" data-e-type=\"widget\" data-widget_type=\"spacer.default\">\n\t\t\t\t\t\t\t<div class=\"elementor-spacer\">\n\t\t\t<div class=\"elementor-spacer-inner\"><\/div>\n\t\t<\/div>\n\t\t\t\t\t\t<\/div>\n\t\t\t\t\t<\/div>\n\t\t\t\t<\/div>\n\t\t\t\t<\/div>\n\t\t","protected":false},"excerpt":{"rendered":"<p>Consigli per iniziare Questo sito \u00e8 dedicato all\u2019armonica DIATONICA e ai suoi appassionati in TICINO, se ti piace e vuoi [&hellip;]<\/p>\n","protected":false},"author":1,"featured_media":0,"parent":0,"menu_order":0,"comment_status":"closed","ping_status":"closed","template":"","meta":{"site-sidebar-layout":"no-sidebar","site-content-layout":"","ast-site-content-layout":"full-width-container","site-content-style":"default","site-sidebar-style":"default","ast-global-header-display":"","ast-banner-title-visibility":"","ast-main-header-display":"","ast-hfb-above-header-display":"","ast-hfb-below-header-display":"","ast-hfb-mobile-header-display":"","site-post-title":"disabled","ast-breadcrumbs-content":"","ast-featured-img":"disabled","footer-sml-layout":"","ast-disable-related-posts":"","theme-transparent-header-meta":"","adv-header-id-meta":"","stick-header-meta":"","header-above-stick-meta":"","header-main-stick-meta":"","header-below-stick-meta":"","astra-migrate-meta-layouts":"default","ast-page-background-enabled":"default","ast-page-background-meta":{"desktop":{"background-color":"var(--ast-global-color-5)","background-image":"","background-repeat":"repeat","background-position":"center center","background-size":"auto","background-attachment":"scroll","background-type":"","background-media":"","overlay-type":"","overlay-color":"","overlay-opacity":"","overlay-gradient":""},"tablet":{"background-color":"","background-image":"","background-repeat":"repeat","background-position":"center center","background-size":"auto","background-attachment":"scroll","background-type":"","background-media":"","overlay-type":"","overlay-color":"","overlay-opacity":"","overlay-gradient":""},"mobile":{"background-color":"","background-image":"","background-repeat":"repeat","background-position":"center center","background-size":"auto","background-attachment":"scroll","background-type":"","background-media":"","overlay-type":"","overlay-color":"","overlay-opacity":"","overlay-gradient":""}},"ast-content-background-meta":{"desktop":{"background-color":"var(--ast-global-color-4)","background-image":"","background-repeat":"repeat","background-position":"center center","background-size":"auto","background-attachment":"scroll","background-type":"","background-media":"","overlay-type":"","overlay-color":"","overlay-opacity":"","overlay-gradient":""},"tablet":{"background-color":"var(--ast-global-color-4)","background-image":"","background-repeat":"repeat","background-position":"center center","background-size":"auto","background-attachment":"scroll","background-type":"","background-media":"","overlay-type":"","overlay-color":"","overlay-opacity":"","overlay-gradient":""},"mobile":{"background-color":"var(--ast-global-color-4)","background-image":"","background-repeat":"repeat","background-position":"center center","background-size":"auto","background-attachment":"scroll","background-type":"","background-media":"","overlay-type":"","overlay-color":"","overlay-opacity":"","overlay-gradient":""}},"footnotes":""},"class_list":["post-160","page","type-page","status-publish","hentry"],"aioseo_notices":[],"_links":{"self":[{"href":"https:\/\/www.barbharp.ch\/index.php?rest_route=\/wp\/v2\/pages\/160","targetHints":{"allow":["GET"]}}],"collection":[{"href":"https:\/\/www.barbharp.ch\/index.php?rest_route=\/wp\/v2\/pages"}],"about":[{"href":"https:\/\/www.barbharp.ch\/index.php?rest_route=\/wp\/v2\/types\/page"}],"author":[{"embeddable":true,"href":"https:\/\/www.barbharp.ch\/index.php?rest_route=\/wp\/v2\/users\/1"}],"replies":[{"embeddable":true,"href":"https:\/\/www.barbharp.ch\/index.php?rest_route=%2Fwp%2Fv2%2Fcomments&post=160"}],"version-history":[{"count":11,"href":"https:\/\/www.barbharp.ch\/index.php?rest_route=\/wp\/v2\/pages\/160\/revisions"}],"predecessor-version":[{"id":186,"href":"https:\/\/www.barbharp.ch\/index.php?rest_route=\/wp\/v2\/pages\/160\/revisions\/186"}],"wp:attachment":[{"href":"https:\/\/www.barbharp.ch\/index.php?rest_route=%2Fwp%2Fv2%2Fmedia&parent=160"}],"curies":[{"name":"wp","href":"https:\/\/api.w.org\/{rel}","templated":true}]}}